emainder when y is divided by (0 + (-6)/9)/((-6)/153).
16
Let o(k) = 2*k**2 + 4*k + 18. Calculate the remainder when 97 is divided by o(-4).
29
What is the remainder when (-35)/(-5)*(-7)/(-1) is divided by 26?
23
Suppose 3*s = -n + 13, -5*n - 3*s + 2*s + 23 = 0. What is the remainder when n is divided by 2?
0
Let r = -7 - -19. What is the remainder when 46 is divided by r?
10
Let s = -9 - -3. Let r(g) = g**3 + 7*g**2 - g - 7. What is the remainder when r(s) is divided by 19?
16
Let p = -1 - -36. Let y = -13 + p. Calculate the remainder when y is divided by 8.
6
Suppose -5*i + 2*o = -6*i + 92, 0 = 5*i - o - 416. Suppose x + 3*x = i. Calculate the remainder when x is divided by 6.
3
Let t = -66 - -95. What is the remainder when t is divided by 16?
13
Suppose -2*b - 287 = -5*a, -5*a + 4*b = -b - 275. What is the remainder when a is divided by 12?
11
Let f = -6 - -37. What is the remainder when f is divided by (1/(-1))/((-92)/44 - -2)?
9
Let q be (-4)/(-5)*5/2. Let g be q/(-1) + (1 - 4). Calculate the remainder when g + 0 + 2 - -24 is divided by 11.
10
Let r(k) = -3*k + 115. Suppose -2*y - 44 = -7*y - f, -37 = -4*y + f. Calculate the remainder when y is divided by r(37).
1
Let r = 148 - 110. What is the remainder when r is divided by 20?
18
Let o be ((-9)/3)/(-1) + 2. Let j = 4 - -3. Suppose 0 = 2*v - j - o. Calculate the remainder when 17 is divided by v.
5
Suppose -3*s + 147 = 4*s. Calculate the remainder when 104 is divided by s.
20
Let w(f) = 3*f + 5. What is the remainder when w(0) is divided by 4?
1
Let x = 104 + -76. What is the remainder when 54 is divided by x?
26
Suppose -2*s + 12 = -0*s. What is the remainder when 17 is divided by s?
5
Let f = 16 - -7. Let b(l) = -4*l. Let u be b(-1). Suppose 3*r + 4*m = 36, -4*r + u*m + m = -48. What is the remainder when f is divided by r?
11
Suppose -5*s - 100 = -5*o, -4*s - s - 49 = -2*o. What is the remainder when 30 is divided by o?
13
Let d(w) be the first derivative of -w**2 + 9*w + 2. Calculate the remainder when 45 is divided by d(-7).
22
Let w be 2/(-4) - (-130)/4. Let c = -19 + w. What is the remainder when 38 is divided by c?
12
Let h = 12 + -9. Suppose -h = -4*l + 73. Let n = 11 - 4. What is the remainder when l is divided by n?
5
Suppose 2*y = 3*y - 13. Calculate the remainder when 75 is divided by y.
10
Suppose 2*x = -x - 9. Let i(b) = -b**2 - 3*b - 2. Let l be i(-2). Calculate the remainder when 34 is divided by x/((-3)/12 + l).
10
Let y(k) be the first derivative of k**2/2 + k + 3. Let o(m) = m + 1. Let r(u) = -6*o(u) - y(u). Calculate the remainder when r(-6) is divided by 9.
8
Suppose -o + 15 + 4 = 0. Calculate the remainder when 35 is divided by o.
16
Let n(u) = -u - 7. What is the remainder when 17 is divided by n(-16)?
8
Suppose 40 = 4*q - 2*q. Let m = 47 + -9. What is the remainder when m is divided by q?
18
Calculate the remainder when -1 + -14*39/(-6) is divided by (29 - -3) + ((-4)/(-1))/(-4).
28
Suppose -t + o = 30, -4*t + 0*o - 129 = -o. Let y = -14 - t. Calculate the remainder when y is divided by 7.
5
Let y be 1*-2*12/(-8). Suppose 62 = -j + y*j. Calculate the remainder when j is divided by 11.
9
Let y(d) = 0*d - 3*d - d + 6*d + 2. What is the remainder when 2/(-6) - (-170)/6 is divided by y(4)?
8
Let x be (3 - -44)*(0 - 1). Let f = x + 83. What is the remainder when f is divided by 10?
6
Suppose 0*s - 4*s + 1296 = 0. Calculate the remainder when s/10 - (-8)/(-20) is divided by 9.
5
Suppose 7*z + 12 = 4*z. Suppose 0 = 2*b - 0*b + 92. What is the remainder when z/6 - b/6 is divided by 4?
3
Suppose 5*c = -2*c + 777. Calculate the remainder when c is divided by 28.
27
Suppose 2*o + 2*o = 2*n + 4, 0 = -5*o - 2*n + 5. Let a = -6 + 4. Calculate the remainder when 4 - (2 + a + o) is divided by 2.
1
Let k = -1 - 2. What is the remainder when 4 - (-12)/k - -24 is divided by 13?
11
Suppose -364 = -3*k - k. Suppose -4*g + k = -5*r, -g + 5*r = 1 - 5. Calculate the remainder when g is divided by 15.
14
Suppose 5*p - 11 = 4*p. Let y(g) = -2*g - 1. Let s be y(-2). Suppose -s*h + 18 = -5*x, 3*h - 2*x + 11 = 29. Calculate the remainder when p is divided by h.
5
Suppose 2 = n - 1. Suppose n*c = -2*c + 3*r + 108, -2*r + 8 = 0. Suppose -4*l = -24 - c. Calculate the remainder when 23 is divided by l.
11
Let q(x) = -x**3 - 2*x + 189. Calculate the remainder when q(0) is divided by 32.
29
Suppose -m + t + 12 = 0, 0*m + 5*t = -m + 42. Suppose 4*a = 131 + m. What is the remainder when a is divided by 19?
18
Suppose 0 = 5*p + 504 - 34. Let l = p + 26. What is the remainder when (-1 + 2)*l/(-2) is divided by 12?
10
Suppose -2*f + 8*w - 3*w = -7, -8 = -f + w. Calculate the remainder when 19 is divided by f.
8
Let d = -13 + 25. Calculate the remainder when (-6)/(-4)*(1 - -29) is divided by d.
9
Calculate the remainder when 22 is divided by (-2)/(-6) - (-23)/3.
6
Let c = 106 + -55. What is the remainder when 203 is divided by c?
50
Suppose 0 = -5*q - 3*c + 125, 6*c = 4*q + 3*c - 100. Let u = -1 - -10. Calculate the remainder when q is divided by u.
7
Calculate the remainder when 35 is divided by 10/(-2)*18/(-5).
17
Let p = 2 + 1. Suppose 2*k - 110 = -p*k. What is the remainder when 64 is divided by k?
20
Let c(w) = w**3 - 2*w**3 - 5*w - 3*w**2 + 0 + 1. Let d(q) = 24*q + 205. Calculate the remainder when c(-4) is divided by d(-8).
11
Let l(r) be the third derivative of r**6/120 - r**5/12 - r**4/6 + 2*r**3/3 + 3*r**2. What is the remainder when 47 is divided by l(6)?
15
Let w(v) = 4*v + 3. What is the remainder when w(7) is divided by 17?
14
Let t = 4 - 3. Suppose 2*k - 28 + 2 = 0. What is the remainder when k is divided by (1*-2)/t - -6?
1
Suppose 6*i - 48 = 2*i. Suppose -2*j + 46 = 2*u, 26 = -3*u + 4*j + 88. Calculate the remainder when u is divided by i.
10
Let j(i) = 7*i + 5. Let f(q) = q + 2. Calculate the remainder when j(4) is divided by f(7).
6
Let s(f) = -f**2 + 4*f + 1. Let l be s(4). Let i = l - -2. What is the remainder when 5 is divided by i?
2
Let o = 10 - -8. What is the remainder when 69 is divided by o?
15
Let z = 981 - 399. Let y be (2 + (-20)/7)*-7. Calculate the remainder when y/4 - z/(-12) is divided by 17.
16
Let b = 36 + -22. Suppose -3*d + 16 = -4*l + 39, 5*l + d = 24. What is the remainder when b is divided by l?
4
Suppose 5*w + 0 = -15. Calculate the remainder when (-2*1)/((-1)/13) is divided by -3 - w - 0 - -14.
12
Let a(i) = 2*i + 19. Calculate the remainder when 19 is divided by a(-6).
5
Suppose -4*i = -10*s + 7*s - 112, 2*s + 8 = 0. What is the remainder when 98 is divided by i?
23
Let w(y) = -5*y**3 + y**2 - y - 1. Calculate the remainder when w(-2) is divided by (3 + -9)*(4*-1 - -2).
9
Suppose -6*a = -a - 165. Calculate the remainder when 97 is divided by a.
31
Let g = 24 - 16. Calculate the remainder when 20 is divided by g.
4
Suppose -h - 3*h = -12, 0 = -2*p + 2*h + 138. Suppose 3*f + 0*f - p = a, f - 4*a = 24. Calculate the remainder when f is divided by 13.
11
Suppose 104 = 2*w - 4*p, -3*p = -5*w + 96 + 199. What is the remainder when w is divided by 21?
20
Let r = 4 + 0. What is the remainder when 4 is divided by r?
0
What is the remainder when ((68/(-6))/(-1))/(2/3) is divided by 16?
1
Suppose -4*m - 10 = -70. Suppose 3 = 2*n - 5*r, n - 5*r + 1 = -0*n. What is the remainder when m is divided by n?
3
Let j(b) = b**2 - 12*b + 4. Let v be j(10). Let q = -9 - v. What is the remainder when q is divided by 3?
1
Let m = 4 - 3. Let g(r) = 18*r + 1. What is the remainder when 54 is divided by g(m)?
16
Suppose 0 = 4*j + 16, 6*r - 51 = 3*r - 3*j. Let y = -53 - -93. Calculate the remainder when y is divided by r.
19
Suppose -3*m = -6*m - 4*g + 64, -2*g = 10. What is the remainder when m is divided by 8?
4
Let d be 4/6 - 49/(-21). What is the remainder when 46/d - 18/(-27) is divided by 9?
7
What is the remainder when 64 is divided by 30/105 - 330/(-21)?
0
Let s = 17 + 6. Suppose -7*z + 884 = 6*z. Calculate the remainder when z is divided by s.
22
Suppose 3*m - 26 = m. Let r = -5 - -3. What is the remainder when m is divided by 21/2*r/(-3)?
6
Calculate the remainder when 37 is divided by (-2 + (-98)/21)/(1/(-3)).
17
Suppose 41 = 3*q + 5*w, 0*w = -q + 4*w - 9. Let x = q - 4. Calculate the remainder when 8 is divided by x.
2
Suppose o - 3*h - 4 = -0*h, -3*o - 4*h + 38 = 0. Let